{"version":"1.0","provider_name":"Via Lusitana","provider_url":"https:\/\/www.vialusitana.org\/en\/","author_name":"info@vialusitana.org","author_url":"https:\/\/www.vialusitana.org\/en\/author\/infovialusitana-org\/","title":"El\u00edas Vali\u00f1a: a well-deserved tribute - Via Lusitana","type":"rich","width":600,"height":338,"html":"<blockquote class=\"wp-embedded-content\" data-secret=\"FxUKLQ0Dyo\"><a href=\"https:\/\/www.vialusitana.org\/en\/elias-valina-a-well-deserved-tribute\/\">El\u00edas Vali\u00f1a: a well-deserved tribute<\/a><\/blockquote><iframe sandbox=\"allow-scripts\" security=\"restricted\" src=\"https:\/\/www.vialusitana.org\/en\/elias-valina-a-well-deserved-tribute\/embed\/#?secret=FxUKLQ0Dyo\" width=\"600\" height=\"338\" title=\"&#8220;El\u00edas Vali\u00f1a: a well-deserved tribute&#8221; &#8212; Via Lusitana\" data-secret=\"FxUKLQ0Dyo\" frameborder=\"0\" marginwidth=\"0\" marginheight=\"0\" scrolling=\"no\" class=\"wp-embedded-content\"><\/iframe><script>\n\/*! This file is auto-generated *\/\n!function(d,l){\"use strict\";l.querySelector&&d.addEventListener&&\"undefined\"!=typeof URL&&(d.wp=d.wp||{},d.wp.receiveEmbedMessage||(d.wp.receiveEmbedMessage=function(e){var t=e.data;if((t||t.secret||t.message||t.value)&&!\/[^a-zA-Z0-9]\/.test(t.secret)){for(var s,r,n,a=l.querySelectorAll('iframe[data-secret=\"'+t.secret+'\"]'),o=l.querySelectorAll('blockquote[data-secret=\"'+t.secret+'\"]'),c=new RegExp(\"^https?:$\",\"i\"),i=0;i<o.length;i++)o[i].style.display=\"none\";for(i=0;i<a.length;i++)s=a[i],e.source===s.contentWindow&&(s.removeAttribute(\"style\"),\"height\"===t.message?(1e3<(r=parseInt(t.value,10))?r=1e3:~~r<200&&(r=200),s.height=r):\"link\"===t.message&&(r=new URL(s.getAttribute(\"src\")),n=new URL(t.value),c.test(n.protocol))&&n.host===r.host&&l.activeElement===s&&(d.top.location.href=t.value))}},d.addEventListener(\"message\",d.wp.receiveEmbedMessage,!1),l.addEventListener(\"DOMContentLoaded\",function(){for(var e,t,s=l.querySelectorAll(\"iframe.wp-embedded-content\"),r=0;r<s.length;r++)(t=(e=s[r]).getAttribute(\"data-secret\"))||(t=Math.random().toString(36).substring(2,12),e.src+=\"#?secret=\"+t,e.setAttribute(\"data-secret\",t)),e.contentWindow.postMessage({message:\"ready\",secret:t},\"*\")},!1)))}(window,document);\n\/\/# sourceURL=https:\/\/www.vialusitana.org\/wp-includes\/js\/wp-embed.min.js\n<\/script>\n","thumbnail_url":"https:\/\/www.vialusitana.org\/wp-content\/uploads\/2024\/11\/ev.jpg","thumbnail_width":1960,"thumbnail_height":1103,"description":"The Oficina de Acogida al Peregrino in Santiago de Compostela will pay tribute to El\u00edas Vali\u00f1a, marking the 35th anniversary of his passing. The event will take place on December 11 at 11:00 AM at R\u00faa das Carretas, 33. This tribute celebrates the life and legacy of one of the greatest advocates of the Camino [&hellip;]"}

Elías Valiña: a well-deserved tribute - Via Lusitana

<blockquote class="wp-embedded-content" data-secret="FxUKLQ0Dyo"><a href="https://www.vialusitana.org/en/elias-valina-a-well-deserved-tribute/">Elías Valiña: a well-deserved tribute</a></blockquote><iframe sandbox="allow-scripts" security="restricted" src="https://www.vialusitana.org/en/elias-valina-a-well-deserved-tribute/embed/#?secret=FxUKLQ0Dyo" width="600" height="338" title="&#8220;Elías Valiña: a well-deserved tribute&#8221; &#8212; Via Lusitana" data-secret="FxUKLQ0Dyo" frameborder="0" marginwidth="0" marginheight="0" scrolling="no" class="wp-embedded-content"></iframe><script>
/*! This file is auto-generated */
!function(d,l){"use strict";l.querySelector&&d.addEventListener&&"undefined"!=typeof URL&&(d.wp=d.wp||{},d.wp.receiveEmbedMessage||(d.wp.receiveEmbedMessage=function(e){var t=e.data;if((t||t.secret||t.message||t.value)&&!/[^a-zA-Z0-9]/.test(t.secret)){for(var s,r,n,a=l.querySelectorAll('iframe[data-secret="'+t.secret+'"]'),o=l.querySelectorAll('blockquote[data-secret="'+t.secret+'"]'),c=new RegExp("^https?:$","i"),i=0;i<o.length;i++)o[i].style.display="none";for(i=0;i<a.length;i++)s=a[i],e.source===s.contentWindow&&(s.removeAttribute("style"),"height"===t.message?(1e3<(r=parseInt(t.value,10))?r=1e3:~~r<200&&(r=200),s.height=r):"link"===t.message&&(r=new URL(s.getAttribute("src")),n=new URL(t.value),c.test(n.protocol))&&n.host===r.host&&l.activeElement===s&&(d.top.location.href=t.value))}},d.addEventListener("message",d.wp.receiveEmbedMessage,!1),l.addEventListener("DOMContentLoaded",function(){for(var e,t,s=l.querySelectorAll("iframe.wp-embedded-content"),r=0;r<s.length;r++)(t=(e=s[r]).getAttribute("data-secret"))||(t=Math.random().toString(36).substring(2,12),e.src+="#?secret="+t,e.setAttribute("data-secret",t)),e.contentWindow.postMessage({message:"ready",secret:t},"*")},!1)))}(window,document);
//# sourceURL=https://www.vialusitana.org/wp-includes/js/wp-embed.min.js
</script>

The Oficina de Acogida al Peregrino in Santiago de Compostela will pay tribute to Elías Valiña, marking the 35th anniversary of his passing. The event will take place on December 11 at 11:00 AM at Rúa das Carretas, 33. This tribute celebrates the life and legacy of one of the greatest advocates of the Camino [&hellip;]
